te number?
True
Is 828345199 a composite number?
True
Is 9517 a composite number?
True
Is 8473661 composite?
True
Is 744971039 a composite number?
False
Is 11456327 composite?
False
Is 33254381 a prime number?
True
Is 40273241 a composite number?
True
Is 51667489 a composite number?
False
Is 118895279 prime?
True
Is 387458131 prime?
False
Is 98499769 prime?
False
Is 1460939 a prime number?
False
Is 34239373 a composite number?
True
Is 24486031 a prime number?
False
Is 9054095 a composite number?
True
Is 70114049 a composite number?
False
Is 499127 a prime number?
True
Is 2366783 composite?
True
Is 40417241 composite?
True
Is 2484015199 prime?
True
Is 1207681 prime?
True
Is 238922477 a prime number?
True
Is 10101653 a composite number?
False
Is 96176513 prime?
True
Is 46689229 prime?
True
Is 264597851 composite?
True
Is 2751197 a composite number?
True
Is 227655163 a prime number?
False
Is 97806437 a prime number?
True
Is 51532441 prime?
True
Is 20963121 composite?
True
Is 23929 prime?
True
Is 7255451 composite?
True
Is 20667089 prime?
False
Is 13711661 prime?
True
Is 209359013 a prime number?
True
Is 2785577 a composite number?
False
Is 23529911 prime?
False
Is 180011213 prime?
True
Is 32352781 composite?
True
Is 64196837 composite?
False
Is 107606231 prime?
False
Is 201853723 a prime number?
True
Is 663671 prime?
False
Is 45564923 a prime number?
False
Is 14421137 prime?
True
Is 40980179 composite?
False
Is 277769839 a composite number?
False
Is 7048967 composite?
False
Is 5603831 a prime number?
True
Is 1420409 prime?
False
Is 271660739 composite?
True
Is 77659279 prime?
True
Is 6700117 composite?
True
Is 2829439 composite?
False
Is 26619899 prime?
True
Is 5223679 prime?
True
Is 1600663 a prime number?
True
Is 282218591 a composite number?
False
Is 1501523 a composite number?
False
Is 41232322 a composite number?
True
Is 206071 composite?
True
Is 6609179 prime?
True
Is 75547327 a prime number?
True
Is 14781139 prime?
False
Is 573689 a prime number?
False
Is 9236753 prime?
False
Is 251202719 a prime number?
True
Is 592374427 composite?
False
Is 49875871 a prime number?
True
Is 35140643 composite?
True
Is 2069173 a composite number?
True
Is 3239657 prime?
False
Is 507769 a prime number?
False
Is 73543817 a composite number?
False
Is 9952967 a prime number?
True
Is 210654449 prime?
False
Is 3299927 a prime number?
True
Is 223933309 composite?
True
Is 1985809 prime?
False
Is 1147921 prime?
True
Is 76473101 a composite number?
True
Is 2062783 a composite number?
True
Is 1848397 a composite number?
False
Is 2092561 prime?
True
Is 93111827 a prime number?
True
Is 48455161 composite?
True
Is 13471697 composite?
True
Is 89496851 a composite number?
False
Is 34292009 composite?
True
Is 231832259 composite?
False
Is 10227862 prime?
False
Is 210050821 a prime number?
False
Is 10635479 a composite number?
True
Is 23182517 a prime number?
True
Is 10625489 a prime number?
False
Is 6657917 a prime number?
False
Is 18921503 a composite number?
False
Is 1305947 a composite number?
False
Is 3439063 prime?
True
Is 10000649 a composite number?
True
Is 15224767 a composite number?
True
Is 15462529 a composite number?
False
Is 7688311 prime?
False
Is 408283 a composite number?
False
Is 2760502 prime?
False
Is 3085711 a composite number?
False
Is 18329083 a composite number?
False
Is 6061283 a prime number?
True
Is 983209 composite?
False
Is 245089241 prime?
True
Is 200569 prime?
True
Is 6413417 composite?
True
Is 4108281 composite?
True
Is 29908327 a prime number?
True
Is 275508677 a prime number?
True
Is 7279373 prime?
False
Is 21579617 a prime number?
True
Is 7397777 composite?
False
Is 957453917 composite?
True
Is 33965197 composite?
True
Is 38144927 a prime number?
False
Is 46411529 a prime number?
True
Is 13969429 a prime number?
True
Is 9021793 a composite number?
True
Is 28373837 a prime number?
True
Is 2623849 composite?
True
Is 182187613 a prime number?
True
Is 14310151 composite?
False
Is 24881897 a prime number?
False
Is 56517029 composite?
True
Is 60398441 prime?
True
Is 1308221 a prime number?
True
Is 3048211 prime?
True
Is 6321859 a prime number?
False
Is 18138563 a prime number?
True
Is 42526933 a prime number?
True
Is 28419919 prime?
False
Is 3266477 prime?
True
Is 1237121 a prime number?
True
Is 193509551 a prime number?
False
Is 32964769 prime?
True
Is 272561 prime?
False
Is 139474031 a prime number?
False
Is 578363 composite?
False
Is 9190165 a composite number?
True
Is 1021697 composite?
False
Is 6368581 prime?
True
Is 640499 composite?
False
Is 15634433 a prime number?
False
Is 4707073 composite?
True
Is 10426163 prime?
False
Is 24176491 a prime number?
False
Is 9938771 composite?
True
Is 1877459 a composite number?
False
Is 196145877 a composite number?
True
Is 253573 a composite number?
False
Is 148197583 a composite number?
False
Is 11441726 a prime number?
False
Is 20796619 a prime number?
True
Is 595613 composite?
False
Is 12742871 composite?
False
Is 1279073 a prime number?
False
Is 38604677 composite?
True
Is 27290063 a prime number?
True
Is 2073119 composite?
False
Is 4978543 a prime number?
True
Is 13315945 composite?
True
Is 2498851 prime?
True
Is 5109403 prime?
False
Is 326713405 a prime number?
False
Is 1206112303 a prime number?
False
Is 2760601 composite?
True
Is 10509215 prime?
False
Is 36006134 prime?
False
Is 5876443 composite?
False
Is 7147139 prime?
True
Is 705027 composite?
True
Is 1735537 prime?
False
Is 12493259 a composite number?
False
Is 67946633 composite?
False
Is 259094327 a composite number?
False
Is 8700529 composite?
False
Is 63796703 composite?
False
Is 42146659 a prime number?
True
Is 136308761 a composite number?
False
Is 3458983 prime?
False
Is 13924987 prime?
False
Is 13005985 a composite number?
True
Is 49471769 a prime number?
True
Is 72297347 a composite number?
False
Is 622753 composite?
True
Is 53595467 a composite number?
False
Is 9301367 composite?
False
Is 8875859 composite?
False
Is 445559251 a composite number?
True
Is 39586579 prime?
True
Is 696211 prime?
False
Is 23696093 prime?
True
Is 45822919 a composite number?
False
Is 44213069 a prime number?
True
Is 1364717 a composite number?
False
Is 982433773 composite?
True
Is 12262021 composite?
False
Is 18861301 a prime number?
True
Is 86317391 prime?
True
Is 6487777 a prime number?
False
Is 39888529 a composite number?
False
Is 147635 prime?
False
Is 38098069 a prime number?
False
Is 297121 a prime number?
False
Is 82879429 composite?
False
Is 5068139 a prime number?
False
Is 4154431 composite?
True
Is 29619251 prime?
True
Is 675373 prime?
False
Is 88415543 a prime number?
True
Is 11926657 prime?
True
Is 961241 a prime number?
True
Is 2203339 a composite number?
True
Is 68329259 a composite number?
False
Is 77744551 prime?
False
Is 11260259 prime?
False
Is 128641 composite?
True
Is 176237301 a composite number?
True
Is 1013155883 a prime number?
True
Is 9633821 a prime number?
True
Is 4758203 a prime number?
False
Is 104129 a prime number?
False
Is 45152069 composite?
False
Is 2332829 a composite number?
False
Is 97964479 prime?
True
Is 9582437 prime?
True
Is 19477553 a prime number?
False
Is 5163811 composite?
True
Is 219886 a prime number?
False
Is 24556241 prime?
True
Is 34162421 a prime number?
False
Is 3382481 a prime number?
False
Is 51246323 prime?
False
Is 52612135 prime?
False
Is 644591 prime?
False
Is 38706779 prime?
False
Is 344638163 prime?
False
Is 161698 a composite number?
True
Is 133483 prime?
False
Is 15559133 a composite number?
True
Is 53426957 a prime number?
True
Is 129319007 a prime number?
True
Is 667196507 composite?
True
Is 18186955 a prime number?
False
Is 2070293 a composite number?
True
Is 471521 a prime number?
True
Is 14873669 composite?
True
Is 18004435 prime?
False
Is 7512641 a composite number?
False
Is 668499413 a composite number?
False
Is 458477 composite?
False
Is 1796167 a composite number?
False
Is 14842159 prime?
True
Is 12016193 a prime number?
False
Is 27294097 prime?
True
Is 1289921 prime?
True
Is 8193707 a composite number?
False
Is 10607959 composite?
True
Is 845051135 prime?
False
Is 33213553 a prime number?
True
Is 455461 a prime number?
True
Is 50273423 prime?
False
Is 17138491 a composite number?